ate 0 - 2 - (1 - (1 + 2)).
0
What is (-1 - -8) + (-6 - -2)?
3
-11 + (6 - (-6 + 4))
-3
(-4 - -4 - 0) + -5
-5
What is the value of (-6 - (5 - 11)) + -2?
-2
Evaluate (3 - 5) + 4 + (0 - -2).
4
Calculate -7 + (-6 + 3 - -7).
-3
Evaluate -3 - -3 - 0 - (-16 + 16).
0
What is 2 + (-11 - (-10 - -5) - 1)?
-5
What is the value of -10 + 8 + -8 - -9?
-1
-5 + 6 - (1 + 1)
-1
Calculate (-5 - (-3 + -3 - -2)) + 3.
2
Evaluate -1 + 4 + -5 - (-8 - -1).
5
-7 + 4 - (2 + -3 + 3)
-5
What is the value of (7 + -2 - 0) + -3 + 1?
3
Evaluate (9 - -13 - 11) + -3.
8
-1 - 3 - (4 + (-5 - -5))
-8
What is the value of -1 + -1 + 0 + (2 - -1)?
1
What is the value of 11 - 4 - (7 + -11 + 6)?
5
Evaluate 14 + 2 + -9 + -6.
1
What is the value of (4 - (-2 + 3)) + -3 - -5?
5
Evaluate -4 + 1 + (-22 - -23).
-2
Calculate 2 - ((-2 - -4 - 1) + 2).
-1
Calculate 5 + -1 - ((2 - -3) + 2).
-3
(2 - 5) + 5 + -4 + -1
-3
What is the value of (-13 + 5 - -14) + -5?
1
(-3 - 0) + 3 - 4 - -6
2
Evaluate -4 - (1 + -5 + 2 + 4).
-6
Calculate 0 + 1 + (-17 - -17) + 1.
2
Calculate (-6 - -7) + -2 + 5 + -6.
-2
What is -7 - (-6 - (-1 + 5))?
3
What is the value of 3 + 8 - 15 - -14?
10
Calculate 0 - ((-9 - 0) + 7).
2
1 - (2 + 3) - (0 - 0)
-4
What is 15 + -11 + -2 + -6?
-4
-11 - -13 - (1 - 3)
4
Calculate (-1 - 3) + -6 + 7.
-3
What is the value of -10 + 12 - (-10 - -6)?
6
What is the value of (-46 - -45) + 1 + 3?
3
Evaluate 3 - ((-9 - -15) + 7).
-10
1 + (-3 - (4 - 6)) - 10
-10
1 + -7 - 1 - (-71 + 68)
-4
Calculate 9 - (3 - 7 - (-17 - -9)).
5
What is the value of -2 + (1 - (-4 + 1) - -1)?
3
Calculate -7 - ((-1 - 6) + -1).
1
What is the value of (3 + 1 - 0) + -7?
-3
38 + -23 + (0 - 9)
6
Calculate (-5 - (-3 + -1)) + 2.
1
Calculate (2 - (5 - 6)) + 5 + -2.
6
Evaluate 4 - (2 + -2) - (2 + -2).
4
What is the value of (-9 - -2) + 60 + -52?
1
Calculate -13 + 10 + (-1 - -5).
1
Evaluate -1 - (-2 - 0) - -2.
3
Evaluate 6 + -14 + 4 - (1 - 3).
-2
Calculate (12 - (18 - 1)) + 1 + -1.
-5
Evaluate (0 - (0 - (5 + -1))) + -3.
1
Calculate -2 - 3 - (11 + -1 - 10).
-5
-4 - (-3 + -5 + 1) - 3
0
What is the value of (-1 - 4 - -10) + -1 - 3?
1
Calculate -1 + -2 + (-5 - -2) + 1.
-5
What is the value of -4 + -2 - (0 - (-2 + 3))?
-5
What is 13 + -16 - (0 - 7)?
4
7 + -6 + 1 + -6 - 0
-4
What is 254 + -255 + (1 - -8)?
8
Calculate -3 + 6 + 4 + 0 + -4.
3
3 + (0 - 6) + 1
-2
What is (4 - 5) + 1 + 5?
5
5 + (2 - (-4 - -14))
-3
What is -5 + (-5 - 3) + 1 - -6?
-6
What is -3 - (5 + (-9 - (6 - 0)))?
7
Calculate -3 + 9 + -3 + 3.
6
Evaluate 17 - (0 - -7) - 1 - 16.
-7
Evaluate 2 + -2 + -9 + 5.
-4
Evaluate -4 + -2 + 8 + -3.
-1
Evaluate (8 - (1 - -6) - -6) + -6.
1
Calculate (5 - (0 + 4 + 1)) + -1.
-1
Calculate -1 + -4 + (4 - (-2 + 3)).
-2
What is the value of -5 + -5 + 3 + 2 + 1?
-4
What is -2 + (-3 - 0) + (-8 - -10)?
-3
Evaluate 10 + (-7 - -3) + (-7 - 3).
-4
Evaluate (-4 - (5 + -1)) + 4.
-4
Evaluate -3 + (8 - (7 + -3)).
1
Calculate 0 + 5 + (31 - 24) + -6.
6
3 + -2 + (-3 + 3 - -2)
3
Calculate 0 + (2 - 4 - -3).
1
What is 7 + 3 + (1 + 3 - 7)?
7
Evaluate (-3 - (-1 + -8)) + -1 + -1.
4
Evaluate -2 + (-2 - (0 + 0) - -2).
-2
Evaluate (4 - 3 - 4) + 5.
2
Calculate -11 + 13 - (7 - 0).
-5
(12 - (-3 - -7)) + -8
0
What is the value of -4 - 0 - (-3 + 3)?
-4
What is the value of 0 + -6 + 2 + 6 + 3?
5
(-2 - -4) + (-7 - -5 - -3)
3
-2 - (-3 + -1 + (-7 - -8))
1
Calculate -11 + 8 + (2 - -1).
0
Evaluate (5 + -3 - 1) + -4.
-3
Evaluate (6 - 8 - -4) + -1 - -5.
6
What is -2 + 3 + -3 + -2 + 6?
2
Evaluate 4 - 6 - ((-14 - -1) + 4).
7
What is the value of -2 + (7 - 0) - -1?
6
What is the value of 1 - (7 - 3) - -8?
5
-11 - (0 + (-15 - -5))
-1
Calculate 3 - (-3 + 6 - (-6 - -8)).
2
Calculate 0 + (5 - (1 - 0)).
4
Calculate 0 + -1 + (-9 - 2) + 5.
-7
Calculate 0 + -8 - (1 - 5).
-4
Calculate 14 + 0 + (121 - 124).
11
17 - 13 - (-1 - -5)
0
(1 - 6 - (-3 - -2)) + 2
-2
What is -5 + (-3 - -8) + -1?
-1
What is the value of 2 + 23 - 13 - 17?
-5
What is the value of 5 + (-1 - -4 - 5 - 2)?
1
Calculate 7 + (-1 - (19 + -7)).
-6
What is the value of 13 - -1 - (-41 - -49)?
6
Calculate 6 - (7 + (-3 - 0) + 0).
2
Calculate -7 + (-2 - (-3 + 4)) + 9.
-1
Evaluate 2 + (0 - -2) + -18 + 16.
2
Calculate 3 - 9 - (-1 - 13).
8
What is -1 + 11 + -6 + 3?
7
Evaluate 2 + 4 + (-1 - (13 + -3)).
-5
What is the value of 0 + (-1 - -3 - (2 - 3))?
3
What is 7 + -5 + -9 + 11?
4
Evaluate 4 - (0 + -12 - (-56 + 49)).
9
8 - (3 - 0) - -2 - 2
5
-14 + 6 + (-1 - -2) - -13
6
What is 4 + -2 - ((1 - -2) + -5)?
4
What is -1 + -11 + 76 + -72?
-8
Calculate 0 - (1 - (-9 - -2)).
-8
What is the value of (0 - 0) + 0 + -15 + 19?
4
Calculate 3 - (9 + -6) - 4.
-4
What is the value of 5 + -3 - (-3 - -3)?
2
What is -1 + -1 + (2 - 3)?
-3
Calculate 5 - 9 - (-2 + -8).
6
Calculate (2 + -2 - -2) + -1 + -4.
-3
What is the value of (1 - -3) + 2 + -2?
4
What is the value of 0 + 2 + (0 - 1 - 0)?
1
What is the value of 2 + 2 + (-2 - 8)?
-6
0 - 13 - (-5 - (-3 - -4))
-7
What is 9 - (1 - (-4 - 0))?
4
-1 + -6 + 14 + -9 + -3
-5
Evaluate 50 + -46 - (2 + 1 + -1).
2
Calculate (1 - 0) + -1 - (44 - 44).
0
Evaluate (-4 - -4 - -1) + 2.
3
(4 - 2) + (-12 - -10 - 2)
-2
Calculate -1 + -6 + (1 + -4 - -4).
-6
(6 - (1 - 1)) + (79 - 82)
3
Calculate 1 - 4 - -4 - (1 - 0).
0
Evaluate 1 - 3 - (-1 + 8 - 8).
-1
-5 + 7 - -4 - 7
-1
What is 3 + (2 + -6 - 0)?
-1
What is -99 - -103 - (0 - -1 - 1)?
4
What is 3 + -3 - (-28 - -20)?
8
Evaluate (3 - 9) + 7 - -2.
3
Evaluate -2 + (-4 + 4 - 6 - -9).
1
Calculate -5 + 0 + -8 - -8.
-5
What is -4 + (-2 + 0 - -9) - 2?
1
-11 - (2 - (9 - 3))
-7
Evaluate (0 + 1 - 1) + -7 + 2.
-5
What is the value of 1 - (13 - 1) - -5?
-6
(-4 - (-2 + -1 - -5)) + -1
-7
Evaluate -3 + -4 + 5 - (6 + -3).
-5
What is the value of (0 - (-3 - -3)) + 0 + -2?
-2
Evaluate 0 + 2 + 0 + -5.
-3
(5 - (-2 - -5)) + -6 + -3
-7
What is 0 + 3 + -2 + 1 - 0?
2
Calculate 16 + -23 + 6 + (0 - 5).
-6
Evaluate -9 - (-7 - (4 + 3)).
5
-1 - -3 - (2 - (11 - 8))
3
What is the value of (-185 - -188) + (1 - 1)?
3
What is the value of (0 - -2) + (-7 - -2)?
-3
Evaluate -12 + 5 - (0 + -3).
-4
What is (1 - 4) + -21 + 15 + 12?
3
3 + (0 - -5 - 6)
2
What is the value of (-1 - (-1 + 0)) + 30 + -26?
4
What is (-5 + 14 - -1) + -8 + 3?
5
-3 - (-2 - 14 - -13)
0
Evaluate 15 + -5 - 8 - (13 + 0).
-11
Calculate -2 + (2 - 2) + -21 + 24.
1
0 - 2 - 3 - 0
-5
Evaluate -5 - (0 - (4 + -2)).
-3
What is the value of -3 + 7 - (-4 - -9)?
-1
Evaluate -3 + (4 - -1) + 1.
3
Evaluate 0 - (-3 + (1 - -2)).
0
Calculate 8 - -2 - (-51 - -59).
2
What is the value of (2 - 1) + 1 - -1?
3
-9 + (8 - 3 - 0)
-4
What is the value of 18 + -12 - (3 + (-2 - -7))?
-2
Evaluate -1 + (-8 - -6) + (0 - -2).
-1
What is the value of 9 + 0 + 51 + -55?
5
What is the value of 2 + -1 - ((-15 - -19) + -8)?
5
Calculate (2 - 2) + -24 + 25.
1
Calculate (-21 - -27 - 18) + (4 - 0).
-8
What is the value of 2 + (0 - 7) - (-1 - 1)?
-3
What is the value of 5 + 2 + -4 + -3 + -2?
-2
Evaluate 0 + (0 - (-3 - 1)) + -5.
-1
Calculate (-3 - ((2 - 5) + -1)) + -1.
0
What is 33 - 33 - (-1 - 4)?
5
Calculate 0 + -2 + -8 + 14.
4
What is the value of (9 - 9) + -7 + 1?
-6
What is the value of (2 + 0 - 5) + -1?
-4
What is the value of (57 - 61) + (6 - -1)?
3
-1 + 3 + 0 + -2
0
What is 0 + -4 + (2 - 1)?
-3
Calculate 0 + 3 - (9 - 2).
-4
What is the value of -3 + -1 + 2 + 4?
2
What is the value of (7 - 7) + 1 + -4?
-3
Calculate (-4 + -1 + 6 - 7) + -1.
-7
-83 + 95 + (-1 + -1 - 0)
10
-4 + 2 + 1 - (7 - -2)
-10
Evaluate -6 - (5 + -7 + 0 + 2).
-6
What is the value of -3 - (-4 + (2 - 0)) - -6?
5
What is the value of 16 + -13 + -4 + -3?
-4
-8 + 8 + (-3 - 1)
-4
7 + (6 - 2 - 16)
-5
What is 3 - 3 - (16 - 10)?
-6
What is -2 + 3 + (-3 - -4)?
2
Evaluate -17 + (20 - 12) + -1 + 6.
-4
Calculate -4 - (-6 + (2 - 2) - -4).
-2
3 + (0 - (-6 - -2 - -8))
-1
Evaluate -1 + (-6 + 6 - (-4 - -1)).
2
What is the value of -4 + -4 - (9 - 9)?
-8
What is the value of -1 + -1 - (1 + -2 - 0)?
-1
(-6 - -3) + -1 + 1 + -1
-4
6 - ((-12 - -14) + -4 + 2)
6
Evaluate (-2 + -1 - -4) + (-5 - -2).
-2
What is the value of 1 - -1 - (-1 - 3 - -7)?
-1
What is the value of (-3 - -3) + 2 - (3 - -3)?
-4
Evaluate -4 + -3 + 5 + 0.
-2
-4 + (17 - 25) + 1 + 10
-1
What is the value of (3 - (1 + 0) - -2) + 0?
4
What is -10 + 4 + (4 - 0) + 2?
0
11 + -2 - (3 - 2) - 3
5
What is 17 + -11 + (-3 - (-4 - -2))?
5
What is -6 + (2 - 2) + 6?
0
(-2 + -9 - -11) + 4 + 0
4
Calculate 